{"id":84,"date":"2024-01-25T20:46:15","date_gmt":"2024-01-25T19:46:15","guid":{"rendered":"https:\/\/serviciospipea.click\/?page_id=84"},"modified":"2024-06-22T01:28:11","modified_gmt":"2024-06-21T23:28:11","slug":"inicio","status":"publish","type":"page","link":"https:\/\/serviciospipea.click\/index.php\/inicio\/","title":{"rendered":"inicio"},"content":{"rendered":"\n<div class=\"wp-block-uagb-container uagb-block-11c51c7f alignfull uagb-is-root-container\"><div class=\"uagb-container__video-wrap\"><video autoplay loop muted playsinline><source src=\"https:\/\/serviciospipea.click\/wp-content\/uploads\/2024\/01\/video-2160p.mp4\" type=\"video\/mp4\"\/><\/video><\/div>\n<div data-aos= \"fade\" data-aos-duration=\"400\" data-aos-delay=\"0\" data-aos-easing=\"ease\" data-aos-once=\"true\" class=\"wp-block-uagb-container uagb-block-b1af7bc1\">\n<p class=\"has-text-color has-link-color wp-elements-a119bedb73fdceb450e8607d8a0d23b6\" style=\"color:#52ffe8;margin-right:0;margin-left:0;font-size:30px;font-style:normal;font-weight:500;line-height:0.9\">SOMOS DESARROLLADORES<\/p>\n\n\n\n<p class=\"has-ast-global-color-5-color has-text-color has-link-color wp-elements-c5d7e0e1e7bcbbe28f47d3078bd34ff9\" style=\"font-size:44px;font-style:normal;font-weight:500;line-height:1.7;text-transform:uppercase\">CREAMOS IDEAS, CREAMOS SOLUCIONES.<\/p>\n<\/div>\n<\/div>\n\n\n\n<div class=\"wp-block-uagb-container uagb-block-1713ff8f alignfull uagb-is-root-container\">\n<div class=\"wp-block-uagb-container uagb-block-d711e93f alignfull uagb-is-root-container\"><div class=\"uagb-container-inner-blocks-wrap\">\n<div data-aos= \"fade-up\" data-aos-duration=\"400\" data-aos-delay=\"0\" data-aos-easing=\"ease\" data-aos-once=\"true\" class=\"wp-block-uagb-container uagb-block-b01060cf\">\n<h2 class=\"wp-block-heading alignwide has-ast-global-color-5-color has-text-color has-link-color wp-elements-d2a20212a36acad3bb17a94211f02cff\" style=\"font-size:27px\"> &#8211; Nuestra filosof\u00eda<\/h2>\n<\/div>\n\n\n\n<div class=\"wp-block-uagb-container uagb-block-0ac3e908\"><\/div>\n<\/div><\/div>\n\n\n\n<div class=\"wp-block-uagb-container uagb-block-5c6ab41f alignfull uagb-is-root-container\"><div class=\"uagb-container-inner-blocks-wrap\">\n<div data-aos= \"fade-up\" data-aos-duration=\"400\" data-aos-delay=\"0\" data-aos-easing=\"ease\" data-aos-once=\"true\" class=\"wp-block-uagb-container uagb-block-6a3c51e7\">\n<figure class=\"wp-block-image aligncenter size-full is-resized is-style-default wp-duotone-unset-1\"><img loading=\"lazy\" decoding=\"async\" width=\"512\" height=\"512\" src=\"https:\/\/serviciospipea.click\/wp-content\/uploads\/2024\/01\/search-engine-optimization-1.png\" alt=\"\" class=\"wp-image-57\" style=\"width:77px;height:auto\" srcset=\"https:\/\/serviciospipea.click\/wp-content\/uploads\/2024\/01\/search-engine-optimization-1.png 512w, https:\/\/serviciospipea.click\/wp-content\/uploads\/2024\/01\/search-engine-optimization-1-300x300.png 300w, https:\/\/serviciospipea.click\/wp-content\/uploads\/2024\/01\/search-engine-optimization-1-100x100.png 100w, https:\/\/serviciospipea.click\/wp-content\/uploads\/2024\/01\/search-engine-optimization-1-150x150.png 150w\" sizes=\"(max-width: 512px) 100vw, 512px\" \/><\/figure>\n\n\n\n<h2 class=\"wp-block-heading has-text-align-center has-text-color has-link-color wp-elements-fd21cc0b81e736edd03c23bceb410b3c\" style=\"color:#52ffe8;font-style:normal;font-weight:400\">Aceitar el engranaje<\/h2>\n\n\n\n<p class=\"has-text-align-center has-ast-global-color-4-color has-text-color has-link-color wp-elements-8a279333c0f332720d909bf10f5a2b2c\" style=\"font-size:24px;font-style:normal;font-weight:400;text-transform:none\">Nos gusta crear resultados que agilicen los procesos de venta y log\u00edstica.<\/p>\n<\/div>\n\n\n\n<div data-aos= \"fade-up\" data-aos-duration=\"400\" data-aos-delay=\"0\" data-aos-easing=\"ease\" data-aos-once=\"true\" class=\"wp-block-uagb-container uagb-block-d1e117d8\">\n<figure class=\"wp-block-image aligncenter size-full is-resized is-style-default wp-duotone-unset-2\"><img loading=\"lazy\" decoding=\"async\" width=\"512\" height=\"512\" src=\"https:\/\/serviciospipea.click\/wp-content\/uploads\/2024\/01\/enchufar.png\" alt=\"\" class=\"wp-image-59\" style=\"width:64px;height:auto\" srcset=\"https:\/\/serviciospipea.click\/wp-content\/uploads\/2024\/01\/enchufar.png 512w, https:\/\/serviciospipea.click\/wp-content\/uploads\/2024\/01\/enchufar-300x300.png 300w, https:\/\/serviciospipea.click\/wp-content\/uploads\/2024\/01\/enchufar-100x100.png 100w, https:\/\/serviciospipea.click\/wp-content\/uploads\/2024\/01\/enchufar-150x150.png 150w\" sizes=\"(max-width: 512px) 100vw, 512px\" \/><\/figure>\n\n\n\n<h2 class=\"wp-block-heading has-text-align-center has-text-color has-link-color wp-elements-3ac5318745a34675f0479ef271aa88cb\" style=\"color:#52ffe8;font-style:normal;font-weight:400\">Ser la pieza faltante<\/h2>\n\n\n\n<p class=\"has-text-align-center has-ast-global-color-4-color has-text-color has-link-color wp-elements-a7506b5d9595e07eb473c4a140aa28dd\" style=\"font-size:24px;font-style:normal;font-weight:400;text-transform:none\">A veces necesitamos innovar en nuestro emprendimiento para que el mismo pueda expandirse.<\/p>\n<\/div>\n\n\n\n<div data-aos= \"fade-up\" data-aos-duration=\"400\" data-aos-delay=\"0\" data-aos-easing=\"ease\" data-aos-once=\"true\" class=\"wp-block-uagb-container uagb-block-264625e2\">\n<figure class=\"wp-block-image aligncenter size-full is-resized is-style-default wp-duotone-unset-3\"><img loading=\"lazy\" decoding=\"async\" width=\"512\" height=\"512\" src=\"https:\/\/serviciospipea.click\/wp-content\/uploads\/2024\/01\/lampara.png\" alt=\"\" class=\"wp-image-58\" style=\"width:77px;height:auto\" srcset=\"https:\/\/serviciospipea.click\/wp-content\/uploads\/2024\/01\/lampara.png 512w, https:\/\/serviciospipea.click\/wp-content\/uploads\/2024\/01\/lampara-300x300.png 300w, https:\/\/serviciospipea.click\/wp-content\/uploads\/2024\/01\/lampara-100x100.png 100w, https:\/\/serviciospipea.click\/wp-content\/uploads\/2024\/01\/lampara-150x150.png 150w\" sizes=\"(max-width: 512px) 100vw, 512px\" \/><\/figure>\n\n\n\n<h2 class=\"wp-block-heading has-text-align-center has-text-color has-link-color wp-elements-87f8a11d174985400ba7cd064519864c\" style=\"color:#52ffe8;font-style:normal;font-weight:400\">Soluciones creativas<\/h2>\n\n\n\n<p class=\"has-text-align-center has-ast-global-color-4-color has-text-color has-link-color wp-elements-c0a1f0f91cd230717eb7e459e8b4d399\" style=\"font-size:24px;font-style:normal;font-weight:400;text-transform:none\">Creemos que cada objetivo debe ser tomado con el m\u00e1s m\u00ednimo detalle.<\/p>\n<\/div>\n<\/div><\/div>\n<\/div>\n\n\n\n<div class=\"wp-block-uagb-container uagb-block-0ccff60e alignfull uagb-is-root-container\"><div class=\"uagb-container-inner-blocks-wrap\">\n<div class=\"wp-block-uagb-container uagb-block-3d5eb0e5 alignfull uagb-is-root-container\"><div class=\"uagb-container-inner-blocks-wrap\">\n<div data-aos= \"fade-up\" data-aos-duration=\"400\" data-aos-delay=\"0\" data-aos-easing=\"ease\" data-aos-once=\"true\" class=\"wp-block-uagb-container uagb-block-4a5a469a\">\n<h2 class=\"wp-block-heading alignwide has-ast-global-color-5-color has-text-color has-link-color wp-elements-edad42b5806a4fe097ef138fd08ed0ce\" style=\"font-size:27px\"> &#8211; Nuestros servicios<\/h2>\n<\/div>\n\n\n\n<div class=\"wp-block-uagb-container uagb-block-4ec9308a\"><\/div>\n<\/div><\/div>\n\n\n\n<div data-aos= \"fade-up\" data-aos-duration=\"400\" data-aos-delay=\"0\" data-aos-easing=\"ease\" data-aos-once=\"true\" class=\"wp-block-uagb-container uagb-block-7714ae50 alignfull uagb-is-root-container\"><div class=\"n2-section-smartslider fitvidsignore  n2_clear\" data-ssid=\"2\" tabindex=\"0\" role=\"region\" aria-label=\"Slider\"><div id=\"n2-ss-2-align\" class=\"n2-ss-align\"><div class=\"n2-padding\"><div id=\"n2-ss-2\" data-creator=\"Smart Slider 3\" data-responsive=\"fullwidth\" class=\"n2-ss-slider n2-ow n2-has-hover n2notransition  \">\n\n\n\n<div class=\"n2-ss-slider-wrapper-inside\">\n        <div class=\"n2-ss-slider-1 n2_ss__touch_element n2-ow\">\n            <div class=\"n2-ss-slider-2 n2-ow\">\n                                                <div class=\"n2-ss-slider-3 n2-ow\">\n\n                    <div class=\"n2-ss-slide-backgrounds n2-ow-all\"><div class=\"n2-ss-slide-background\" data-public-id=\"1\" data-mode=\"fill\"><div data-gradient=\"horizontal\" data-color-start=\"RGBA(0,114,210,1)\" data-color-end=\"RGBA(0,182,195,1)\" style=\"background:linear-gradient(to right, RGBA(0,114,210,1) 0%,RGBA(0,182,195,1) 100%);\" class=\"n2-ss-slide-background-color\"><\/div><\/div><div class=\"n2-ss-slide-background\" data-public-id=\"2\" data-mode=\"fill\"><div data-gradient=\"horizontal\" data-color-start=\"RGBA(0,182,195,1)\" data-color-end=\"RGBA(0,182,195,1)\" style=\"background:linear-gradient(to right, RGBA(0,182,195,1) 0%,RGBA(0,182,195,1) 100%);\" class=\"n2-ss-slide-background-color\"><\/div><\/div><div class=\"n2-ss-slide-background\" data-public-id=\"3\" data-mode=\"fill\"><div data-gradient=\"horizontal\" data-color-start=\"RGBA(0,182,195,1)\" data-color-end=\"RGBA(0,114,210,1)\" style=\"background:linear-gradient(to right, RGBA(0,182,195,1) 0%,RGBA(0,114,210,1) 100%);\" class=\"n2-ss-slide-background-color\"><\/div><\/div><\/div>                    <div class=\"n2-ss-slider-4 n2-ow\">\n                        <svg xmlns=\"http:\/\/www.w3.org\/2000\/svg\" viewBox=\"0 0 1300 600\" data-related-device=\"desktopPortrait\" class=\"n2-ow n2-ss-preserve-size n2-ss-preserve-size--slider n2-ss-slide-limiter\"><\/svg><div data-first=\"1\" data-slide-duration=\"0\" data-id=\"3\" data-slide-public-id=\"1\" data-title=\"Slide 1\" class=\"n2-ss-slide n2-ow  n2-ss-slide-3\"><div role=\"note\" class=\"n2-ss-slide--focus\" tabindex=\"-1\">Slide 1<\/div><div class=\"n2-ss-layers-container n2-ss-slide-limiter n2-ow\"><div class=\"n2-ss-layer n2-ow n-uc-djdBNBJU65b7\" data-sstype=\"slide\" data-pm=\"default\"><div class=\"n2-ss-layer n2-ow n-uc-19001ef738de1\" data-pm=\"default\" data-sstype=\"content\" data-hasbackground=\"0\"><div class=\"n2-ss-section-main-content n2-ss-layer-with-background n2-ss-layer-content n2-ow n-uc-19001ef738de1-inner\"><div class=\"n2-ss-layer n2-ow n2-ss-layer--block n2-ss-has-self-align n-uc-180f0b0bfd71d\" data-pm=\"normal\" data-sstype=\"row\"><div class=\"n2-ss-layer-row n2-ss-layer-with-background n-uc-180f0b0bfd71d-inner\"><div class=\"n2-ss-layer-row-inner \"><div class=\"n2-ss-layer n2-ow n-uc-1ee0db941a48b\" data-pm=\"default\" data-sstype=\"col\"><div class=\"n2-ss-layer-col n2-ss-layer-with-background n2-ss-layer-content n-uc-1ee0db941a48b-inner\"><div class=\"n2-ss-layer n2-ow n-uc-p7mjxQeMI8fB n2-ss-layer--auto\" data-pm=\"normal\" data-sstype=\"layer\"><div class=\"n2-ss-button-container n2-ss-item-content n2-ow n2-font-678f86c547056dc0ac9a426fcf1880d4-link  n2-ss-nowrap n2-ss-button-container--non-full-width\"><a class=\"n2-style-5e1b8236ee17e94bd30af2cf9e826976-heading  n2-ow \" onclick=\"return false;\" href=\"#\"><div><div>RECI\u00c9NTEMENTE AGREGADO<\/div><\/div><\/a><\/div><\/div><div class=\"n2-ss-layer n2-ow n-uc-u5BMvHCH0BCT\" data-pm=\"normal\" data-sstype=\"layer\"><h2 id=\"n2-ss-2item2\" class=\"n2-font-f44aa1e618d820b7090045dd853dd30c-hover   n2-ss-item-content n2-ss-text n2-ow\" style=\"display:block;\">TU PROPIA TIENDA ONLINE<\/h2><\/div><div class=\"n2-ss-layer n2-ow n-uc-aQ95Rts1HG30\" data-pm=\"normal\" data-sstype=\"layer\"><div class=\"n2-ss-item-content n2-ss-text n2-ow-all\"><div class=\"\"><p class=\"n2-font-90fad08571bd0d717720fe23ff01fe7c-paragraph   \">Obten\u00e9 tu sitio web con el nombre de tu marca, public\u00e1 tus productos y\/o servicios y envi\u00e1 a todo el pa\u00eds.<\/p>\n<\/div><\/div><\/div><div class=\"n2-ss-layer n2-ow n-uc-11a4fb4babfbe n2-ss-layer--auto\" data-pm=\"normal\" data-sstype=\"layer\"><div class=\"n2-ss-button-container n2-ss-item-content n2-ow n2-font-2ff2b818e6daf4c4eea35027c3239437-link  n2-ss-button-container--non-full-width\"><a class=\"n2-style-1a5b74c1a070e82bad8ed3dfd9217329-heading  n2-ow \" href=\"https:\/\/serviciospipea.click\/index.php\/tu-tienda-online\/\"><div><div>\u00a1Quiero saber m\u00e1s!<\/div><\/div><\/a><\/div><\/div><\/div><\/div><div class=\"n2-ss-layer n2-ow n-uc-13116e89e3503\" data-pm=\"default\" data-sstype=\"col\"><div class=\"n2-ss-layer-col n2-ss-layer-with-background n2-ss-layer-content n-uc-13116e89e3503-inner\"><div class=\"n2-ss-layer n2-ow n-uc-RRHB6VLXQkFL\" data-pm=\"normal\" data-sstype=\"layer\"><div class=\" n2-ss-item-image-content n2-ss-item-content n2-ow-all\"><img loading=\"lazy\" decoding=\"async\" id=\"n2-ss-2item5\" alt=\"\" class=\"skip-lazy\" width=\"1280\" height=\"814\" data-skip-lazy=\"1\" src=\"\/\/serviciospipea.click\/wp-content\/uploads\/2024\/01\/NOTEBOOK-PSD-1.png\" \/><\/div><\/div><\/div><\/div><\/div><\/div><\/div><\/div><\/div><\/div><\/div><\/div><div data-slide-duration=\"0\" data-id=\"4\" data-slide-public-id=\"2\" data-title=\"Slide 2\" class=\"n2-ss-slide n2-ow  n2-ss-slide-4\"><div role=\"note\" class=\"n2-ss-slide--focus\" tabindex=\"-1\">Slide 2<\/div><div class=\"n2-ss-layers-container n2-ss-slide-limiter n2-ow\"><div class=\"n2-ss-layer n2-ow n-uc-pfEFg0mdZvA5\" data-sstype=\"slide\" data-pm=\"default\"><div class=\"n2-ss-layer n2-ow n-uc-1bcf86987cbe4\" data-pm=\"default\" data-sstype=\"content\" data-hasbackground=\"0\"><div class=\"n2-ss-section-main-content n2-ss-layer-with-background n2-ss-layer-content n2-ow n-uc-1bcf86987cbe4-inner\"><div class=\"n2-ss-layer n2-ow n2-ss-layer--block n2-ss-has-self-align n-uc-141aa931f436e\" data-pm=\"normal\" data-sstype=\"row\"><div class=\"n2-ss-layer-row n2-ss-layer-with-background n-uc-141aa931f436e-inner\"><div class=\"n2-ss-layer-row-inner \"><div class=\"n2-ss-layer n2-ow n-uc-1c73b8f8a3847\" data-pm=\"default\" data-sstype=\"col\"><div class=\"n2-ss-layer-col n2-ss-layer-with-background n2-ss-layer-content n-uc-1c73b8f8a3847-inner\"><div class=\"n2-ss-layer n2-ow n-uc-KHTttzZPfrNI\" data-pm=\"normal\" data-sstype=\"layer\"><h2 id=\"n2-ss-2item6\" class=\"n2-font-f44aa1e618d820b7090045dd853dd30c-hover   n2-ss-item-content n2-ss-text n2-ow\" style=\"display:block;\">DONDE PODR\u00c1S COBRAR<\/h2><\/div><div class=\"n2-ss-layer n2-ow n-uc-19c6df724fc55\" data-pm=\"normal\" data-sstype=\"layer\"><div class=\"n2-ss-item-content n2-ss-text n2-ow-all\"><div class=\"\"><p class=\"n2-font-90fad08571bd0d717720fe23ff01fe7c-paragraph   \">Utilizando los medios de pago m\u00e1s conocidos, como Mercado Pago, MODO, PayU, y m\u00e1s. Eleg\u00ed seg\u00fan las comisiones y condiciones, el que m\u00e1s se adecue a tu negocio.<\/p>\n<\/div><\/div><\/div><\/div><\/div><div class=\"n2-ss-layer n2-ow n-uc-10930cce5e62e\" data-pm=\"default\" data-sstype=\"col\"><div class=\"n2-ss-layer-col n2-ss-layer-with-background n2-ss-layer-content n-uc-10930cce5e62e-inner\"><div class=\"n2-ss-layer n2-ow n-uc-3bmrhlqczcWK\" data-pm=\"normal\" data-sstype=\"layer\"><div class=\" n2-ss-item-image-content n2-ss-item-content n2-ow-all\"><img decoding=\"async\" id=\"n2-ss-2item8\" alt=\"\" class=\"skip-lazy\" loading=\"lazy\" width=\"1812\" height=\"1345\" data-skip-lazy=\"1\" src=\"\/\/serviciospipea.click\/wp-content\/uploads\/2024\/01\/TELEFONO-PSD2.png\" \/><\/div><\/div><\/div><\/div><\/div><\/div><\/div><\/div><\/div><\/div><\/div><\/div><div data-slide-duration=\"0\" data-id=\"5\" data-slide-public-id=\"3\" data-title=\"Slide 3\" class=\"n2-ss-slide n2-ow  n2-ss-slide-5\"><div role=\"note\" class=\"n2-ss-slide--focus\" tabindex=\"-1\">Slide 3<\/div><div class=\"n2-ss-layers-container n2-ss-slide-limiter n2-ow\"><div class=\"n2-ss-layer n2-ow n-uc-OVvBzy1YnxfX\" data-sstype=\"slide\" data-pm=\"default\"><div class=\"n2-ss-layer n2-ow n-uc-119f66eb31e42\" data-pm=\"default\" data-sstype=\"content\" data-hasbackground=\"0\"><div class=\"n2-ss-section-main-content n2-ss-layer-with-background n2-ss-layer-content n2-ow n-uc-119f66eb31e42-inner\"><div class=\"n2-ss-layer n2-ow n2-ss-layer--block n2-ss-has-self-align n-uc-12b77186b1328\" data-pm=\"normal\" data-sstype=\"row\"><div class=\"n2-ss-layer-row n2-ss-layer-with-background n-uc-12b77186b1328-inner\"><div class=\"n2-ss-layer-row-inner \"><div class=\"n2-ss-layer n2-ow n-uc-15555616c1ac0\" data-pm=\"default\" data-sstype=\"col\"><div class=\"n2-ss-layer-col n2-ss-layer-with-background n2-ss-layer-content n-uc-15555616c1ac0-inner\"><div class=\"n2-ss-layer n2-ow n-uc-nGbRomPiuY0z\" data-pm=\"normal\" data-sstype=\"layer\"><h2 id=\"n2-ss-2item9\" class=\"n2-font-f44aa1e618d820b7090045dd853dd30c-hover   n2-ss-item-content n2-ss-text n2-ow\" style=\"display:block;\">Y ENVIAR<\/h2><\/div><div class=\"n2-ss-layer n2-ow n-uc-EVPIHEEVs8L5\" data-pm=\"normal\" data-sstype=\"layer\"><div class=\"n2-ss-item-content n2-ss-text n2-ow-all\"><div class=\"\"><p class=\"n2-font-90fad08571bd0d717720fe23ff01fe7c-paragraph   \">A todo el pa\u00eds con empresas confiables, como Correo Argentino, OCA y Andreani.<\/p>\n<\/div><\/div><\/div><\/div><\/div><div class=\"n2-ss-layer n2-ow n-uc-14babe20e1197\" data-pm=\"default\" data-sstype=\"col\"><div class=\"n2-ss-layer-col n2-ss-layer-with-background n2-ss-layer-content n-uc-14babe20e1197-inner\"><div class=\"n2-ss-layer n2-ow n-uc-TQgvFYrDbg5r\" data-pm=\"normal\" data-sstype=\"layer\"><div class=\" n2-ss-item-image-content n2-ss-item-content n2-ow-all\"><img decoding=\"async\" id=\"n2-ss-2item11\" alt=\"\" class=\"skip-lazy\" loading=\"lazy\" width=\"1320\" height=\"848\" data-skip-lazy=\"1\" src=\"\/\/serviciospipea.click\/wp-content\/uploads\/2024\/01\/ENVIOS-PSD2.png\" \/><\/div><\/div><\/div><\/div><\/div><\/div><\/div><\/div><\/div><\/div><\/div><\/div>                    <\/div>\n\n                                    <\/div>\n            <\/div>\n        <\/div>\n        <div class=\"n2-ss-slider-controls n2-ss-slider-controls-absolute-left-center\"><div style=\"--widget-offset:5px;\" class=\"n2-ss-widget nextend-arrow n2-ow-all nextend-arrow-previous  nextend-arrow-animated-fade\" data-hide-mobileportrait=\"1\" id=\"n2-ss-2-arrow-previous\" role=\"button\" aria-label=\"previous arrow\" tabindex=\"0\"><img loading=\"lazy\" decoding=\"async\" width=\"32\" height=\"32\" class=\"skip-lazy\" data-skip-lazy=\"1\" src=\"data:image\/svg+xml;base64,PHN2ZyB3aWR0aD0iMzIiIGhlaWdodD0iMzIiIHZpZXdCb3g9IjAgMCAzMiAzMiIgeG1sbnM9Imh0dHA6Ly93d3cudzMub3JnLzIwMDAvc3ZnIj4KICAgIDxwYXRoIGQ9Ik0xMS40MzMgMTUuOTkyTDIyLjY5IDUuNzEyYy4zOTMtLjM5LjM5My0xLjAzIDAtMS40Mi0uMzkzLS4zOS0xLjAzLS4zOS0xLjQyMyAwbC0xMS45OCAxMC45NGMtLjIxLjIxLS4zLjQ5LS4yODUuNzYtLjAxNS4yOC4wNzUuNTYuMjg0Ljc3bDExLjk4IDEwLjk0Yy4zOTMuMzkgMS4wMy4zOSAxLjQyNCAwIC4zOTMtLjQuMzkzLTEuMDMgMC0xLjQybC0xMS4yNTctMTAuMjkiCiAgICAgICAgICBmaWxsPSIjZmZmZmZmIiBvcGFjaXR5PSIwLjgiIGZpbGwtcnVsZT0iZXZlbm9kZCIvPgo8L3N2Zz4=\" alt=\"previous arrow\"><\/div><\/div><div class=\"n2-ss-slider-controls n2-ss-slider-controls-absolute-right-center\"><div style=\"--widget-offset:5px;\" class=\"n2-ss-widget nextend-arrow n2-ow-all nextend-arrow-next  nextend-arrow-animated-fade\" data-hide-mobileportrait=\"1\" id=\"n2-ss-2-arrow-next\" role=\"button\" aria-label=\"next arrow\" tabindex=\"0\"><img loading=\"lazy\" decoding=\"async\" width=\"32\" height=\"32\" class=\"skip-lazy\" data-skip-lazy=\"1\" src=\"data:image\/svg+xml;base64,PHN2ZyB3aWR0aD0iMzIiIGhlaWdodD0iMzIiIHZpZXdCb3g9IjAgMCAzMiAzMiIgeG1sbnM9Imh0dHA6Ly93d3cudzMub3JnLzIwMDAvc3ZnIj4KICAgIDxwYXRoIGQ9Ik0xMC43MjIgNC4yOTNjLS4zOTQtLjM5LTEuMDMyLS4zOS0xLjQyNyAwLS4zOTMuMzktLjM5MyAxLjAzIDAgMS40MmwxMS4yODMgMTAuMjgtMTEuMjgzIDEwLjI5Yy0uMzkzLjM5LS4zOTMgMS4wMiAwIDEuNDIuMzk1LjM5IDEuMDMzLjM5IDEuNDI3IDBsMTIuMDA3LTEwLjk0Yy4yMS0uMjEuMy0uNDkuMjg0LS43Ny4wMTQtLjI3LS4wNzYtLjU1LS4yODYtLjc2TDEwLjcyIDQuMjkzeiIKICAgICAgICAgIGZpbGw9IiNmZmZmZmYiIG9wYWNpdHk9IjAuOCIgZmlsbC1ydWxlPSJldmVub2RkIi8+Cjwvc3ZnPg==\" alt=\"next arrow\"><\/div><\/div><div class=\"n2-ss-slider-controls n2-ss-slider-controls-absolute-center-bottom\"><div style=\"--widget-offset:5px;\" class=\"n2-ss-widget n2-ss-control-bullet n2-ow-all n2-ss-control-bullet-horizontal\" data-hide-mobileportrait=\"1\"><div class=\" nextend-bullet-bar n2-bar-justify-content-center\"><div class=\"n2-bullet n2-style-ea99b4d0fd859b2164a6c7ffa9ba224e-dot \" style=\"visibility:hidden;\"><\/div><\/div><\/div><\/div><\/div><\/div><ss3-loader><\/ss3-loader><\/div><\/div><div class=\"n2_clear\"><\/div><\/div><\/div>\n<\/div><\/div>\n\n\n\n<div class=\"wp-block-uagb-container uagb-block-bbff1971 alignfull uagb-is-root-container\"><div class=\"uagb-container-inner-blocks-wrap\">\n<div class=\"wp-block-uagb-container uagb-block-54271110 alignfull uagb-is-root-container\"><div class=\"uagb-container-inner-blocks-wrap\">\n<p class=\"has-text-align-center has-ast-global-color-5-color has-text-color has-link-color has-x-large-font-size wp-elements-187b3a9fc1343b7dd0af7a1aadfd3b04\" style=\"font-style:normal;font-weight:600;line-height:1.7\">\u00bfTienes alg\u00fan proyecto en mente?<\/p>\n<\/div><\/div>\n\n\n\n<div class=\"wp-block-uagb-container uagb-block-b6d357e6 alignfull uagb-is-root-container\"><div class=\"uagb-container-inner-blocks-wrap\">\n<div class=\"wp-block-uagb-marketing-button uagb-marketing-btn__align-center uagb-marketing-btn__align-text-center uagb-marketing-btn__icon-after uagb-block-5a12c30e wp-block-button\"><a href=\"#\" class=\"uagb-marketing-btn__link wp-block-button__link\" target=\"\" rel=\"noopener noreferrer\"><span class=\"uagb-marketing-btn__title\">\u00a1Cu\u00e9ntanos!<\/span><\/a><\/div>\n<\/div><\/div>\n<\/div><\/div>\n","protected":false},"excerpt":{"rendered":"<p>SOMOS DESARROLLADORES CREAMOS IDEAS, CREAMOS SOLUCIONES. &#8211; Nuestra filosof\u00eda Aceitar el engranaje Nos gusta crear resultados que agilicen los procesos [&hellip;]<\/p>\n","protected":false},"author":1,"featured_media":0,"parent":0,"menu_order":0,"comment_status":"closed","ping_status":"closed","template":"","meta":{"_uag_custom_page_level_css":"","site-sidebar-layout":"default","site-content-layout":"","ast-site-content-layout":"full-width-container","site-content-style":"default","site-sidebar-style":"default","ast-global-header-display":"","ast-banner-title-visibility":"","ast-main-header-display":"","ast-hfb-above-header-display":"","ast-hfb-below-header-display":"","ast-hfb-mobile-header-display":"","site-post-title":"disabled","ast-breadcrumbs-content":"","ast-featured-img":"","footer-sml-layout":"","theme-transparent-header-meta":"","adv-header-id-meta":"","stick-header-meta":"","header-above-stick-meta":"","header-main-stick-meta":"","header-below-stick-meta":"","astra-migrate-meta-layouts":"default","ast-page-background-enabled":"default","ast-page-background-meta":{"desktop":{"background-color":"var(--ast-global-color-4)","background-image":"","background-repeat":"repeat","background-position":"center center","background-size":"auto","background-attachment":"scroll","background-type":"","background-media":"","overlay-type":"","overlay-color":"","overlay-gradient":""},"tablet":{"background-color":"","background-image":"","background-repeat":"repeat","background-position":"center center","background-size":"auto","background-attachment":"scroll","background-type":"","background-media":"","overlay-type":"","overlay-color":"","overlay-gradient":""},"mobile":{"background-color":"","background-image":"","background-repeat":"repeat","background-position":"center center","background-size":"auto","background-attachment":"scroll","background-type":"","background-media":"","overlay-type":"","overlay-color":"","overlay-gradient":""}},"ast-content-background-meta":{"desktop":{"background-color":"var(--ast-global-color-5)","background-image":"","background-repeat":"repeat","background-position":"center center","background-size":"auto","background-attachment":"scroll","background-type":"","background-media":"","overlay-type":"","overlay-color":"","overlay-gradient":""},"tablet":{"background-color":"var(--ast-global-color-5)","background-image":"","background-repeat":"repeat","background-position":"center center","background-size":"auto","background-attachment":"scroll","background-type":"","background-media":"","overlay-type":"","overlay-color":"","overlay-gradient":""},"mobile":{"background-color":"var(--ast-global-color-5)","background-image":"","background-repeat":"repeat","background-position":"center center","background-size":"auto","background-attachment":"scroll","background-type":"","background-media":"","overlay-type":"","overlay-color":"","overlay-gradient":""}},"footnotes":""},"class_list":["post-84","page","type-page","status-publish","hentry"],"uagb_featured_image_src":{"full":false,"thumbnail":false,"medium":false,"medium_large":false,"large":false,"1536x1536":false,"2048x2048":false,"woocommerce_thumbnail":false,"woocommerce_single":false,"woocommerce_gallery_thumbnail":false},"uagb_author_info":{"display_name":"marghost","author_link":"https:\/\/serviciospipea.click\/index.php\/author\/marghost\/"},"uagb_comment_info":0,"uagb_excerpt":"SOMOS DESARROLLADORES CREAMOS IDEAS, CREAMOS SOLUCIONES. &#8211; Nuestra filosof\u00eda Aceitar el engranaje Nos gusta crear resultados que agilicen los procesos [&hellip;]","_links":{"self":[{"href":"https:\/\/serviciospipea.click\/index.php\/wp-json\/wp\/v2\/pages\/84"}],"collection":[{"href":"https:\/\/serviciospipea.click\/index.php\/wp-json\/wp\/v2\/pages"}],"about":[{"href":"https:\/\/serviciospipea.click\/index.php\/wp-json\/wp\/v2\/types\/page"}],"author":[{"embeddable":true,"href":"https:\/\/serviciospipea.click\/index.php\/wp-json\/wp\/v2\/users\/1"}],"replies":[{"embeddable":true,"href":"https:\/\/serviciospipea.click\/index.php\/wp-json\/wp\/v2\/comments?post=84"}],"version-history":[{"count":117,"href":"https:\/\/serviciospipea.click\/index.php\/wp-json\/wp\/v2\/pages\/84\/revisions"}],"predecessor-version":[{"id":645,"href":"https:\/\/serviciospipea.click\/index.php\/wp-json\/wp\/v2\/pages\/84\/revisions\/645"}],"wp:attachment":[{"href":"https:\/\/serviciospipea.click\/index.php\/wp-json\/wp\/v2\/media?parent=84"}],"curies":[{"name":"wp","href":"https:\/\/api.w.org\/{rel}","templated":true}]}}