{"id":267,"date":"2024-01-27T20:44:10","date_gmt":"2024-01-27T19:44:10","guid":{"rendered":"https:\/\/serviciospipea.click\/?page_id=267"},"modified":"2025-04-09T04:05:34","modified_gmt":"2025-04-09T02:05:34","slug":"tu-tienda-online","status":"publish","type":"page","link":"https:\/\/serviciospipea.click\/index.php\/tu-tienda-online\/","title":{"rendered":"Tu tienda online"},"content":{"rendered":"\n<div class=\"wp-block-uagb-container uagb-block-f63e590f alignfull uagb-is-root-container\"><div class=\"uagb-container-inner-blocks-wrap\">\n<div class=\"wp-block-media-text alignfull has-media-on-the-right is-stacked-on-mobile is-vertically-aligned-center has-background uag-hide-tab\" style=\"background:linear-gradient(135deg,rgb(4,163,255) 0%,rgb(155,81,224) 100%);padding-top:0;padding-bottom:0;grid-template-columns:auto 72%\"><div class=\"wp-block-media-text__content\">\n<div class=\"wp-block-uagb-advanced-heading uagb-block-40550ff1\"><h2 class=\"uagb-heading-text\">TU PROPIA TIENDA ONLINE<\/h2><\/div>\n\n\n\n<div class=\"wp-block-uagb-icon uagb-block-c9da1ae6 uagb-icon-wrapper\"><span class=\"uagb-svg-wrapper\"><svg xmlns=\"https:\/\/www.w3.org\/2000\/svg\" viewBox=\"0 0 576 512\"><path d=\"M96 0C107.5 0 117.4 8.19 119.6 19.51L121.1 32H541.8C562.1 32 578.3 52.25 572.6 72.66L518.6 264.7C514.7 278.5 502.1 288 487.8 288H170.7L179.9 336H488C501.3 336 512 346.7 512 360C512 373.3 501.3 384 488 384H159.1C148.5 384 138.6 375.8 136.4 364.5L76.14 48H24C10.75 48 0 37.25 0 24C0 10.75 10.75 0 24 0H96zM128 464C128 437.5 149.5 416 176 416C202.5 416 224 437.5 224 464C224 490.5 202.5 512 176 512C149.5 512 128 490.5 128 464zM512 464C512 490.5 490.5 512 464 512C437.5 512 416 490.5 416 464C416 437.5 437.5 416 464 416C490.5 416 512 437.5 512 464z\"><\/path><\/svg><\/span><\/div>\n<\/div><figure class=\"wp-block-media-text__media\"><video controls src=\"https:\/\/serviciospipea.click\/wp-content\/uploads\/2024\/01\/VideoServicioTienda-horizontal.mp4\"><\/video><\/figure><\/div>\n<\/div><\/div>\n\n\n\n<div class=\"wp-block-uagb-container uagb-block-5f79cbf4 alignfull uagb-is-root-container\"><div class=\"uagb-container-inner-blocks-wrap\">\n<div data-aos= \"fade-up\" data-aos-duration=\"400\" data-aos-delay=\"0\" data-aos-easing=\"ease\" data-aos-once=\"true\" class=\"wp-block-uagb-container uagb-block-03562d21\">\n<div class=\"wp-block-uagb-container uagb-block-2e460915 alignfull uagb-is-root-container\"><div class=\"uagb-container-inner-blocks-wrap\">\n<div class=\"wp-block-uagb-advanced-heading uagb-block-9b1bfe91\"><h2 class=\"uagb-heading-text\">EN NUESTRA EXPERIENCIA, SABEMOS QUE CUANDO QUEREMOS EXPANDIR UN RUBRO, LAS LIMITACIONES A PRESENTAR SON VARIAS<\/h2><\/div>\n<\/div><\/div>\n\n\n\n<div class=\"wp-block-uagb-container uagb-block-6465eca2 default uagb-is-root-container\">\n<div class=\"wp-block-uagb-advanced-heading uagb-block-ad58e6f3\"><h2 class=\"uagb-heading-text\">\u00bb \u00bfPor d\u00f3nde puedo vender?<br>\u00bb \u00bfC\u00f3mo manejo env\u00edos?.<br>\u00bb \u00bfC\u00f3mo recibo la transacci\u00f3n?<br>\u00bb Alquileres costosos.<\/h2><\/div>\n<\/div>\n<\/div>\n\n\n\n<div data-aos= \"fade-up\" data-aos-duration=\"400\" data-aos-delay=\"0\" data-aos-easing=\"ease\" data-aos-once=\"true\" class=\"wp-block-uagb-container uagb-block-c5074567\"><\/div>\n<\/div><\/div>\n\n\n\n<div class=\"wp-block-uagb-container uagb-block-dbd282a6 alignfull uagb-is-root-container\"><div class=\"uagb-container-inner-blocks-wrap\">\n<div data-aos= \"fade-up\" data-aos-duration=\"400\" data-aos-delay=\"0\" data-aos-easing=\"ease\" data-aos-once=\"true\" class=\"wp-block-uagb-container uagb-block-6c0311e7\"><\/div>\n\n\n\n<div data-aos= \"fade-up\" data-aos-duration=\"400\" data-aos-delay=\"0\" data-aos-easing=\"ease\" data-aos-once=\"true\" class=\"wp-block-uagb-container uagb-block-00951381\">\n<div class=\"wp-block-uagb-container uagb-block-30a7db20 alignfull uagb-is-root-container\"><div class=\"uagb-container-inner-blocks-wrap\">\n<div class=\"wp-block-uagb-advanced-heading uagb-block-7417ba8a\"><h2 class=\"uagb-heading-text\">POR ESO, NUESTRA PROPUESTA ES AFRONTAR ESAS LIMITACIONES PARA PEQUE\u00d1AS Y MEDIANAS PYMES<\/h2><\/div>\n<\/div><\/div>\n<\/div>\n<\/div><\/div>\n\n\n\n<div class=\"wp-block-uagb-container uagb-block-ec9c7690 alignfull uagb-is-root-container\"><div class=\"uagb-container-inner-blocks-wrap\">\n<div data-aos= \"fade-up\" data-aos-duration=\"400\" data-aos-delay=\"0\" data-aos-easing=\"ease\" data-aos-once=\"true\" class=\"wp-block-uagb-container uagb-block-42fc748c\">\n<div class=\"wp-block-uagb-container uagb-block-22b11f8f alignfull uagb-is-root-container\"><div class=\"uagb-container-inner-blocks-wrap\">\n<div class=\"wp-block-uagb-container uagb-block-ba3b51ea alignfull uagb-is-root-container\"><div class=\"uagb-container-inner-blocks-wrap\">\n<div class=\"wp-block-uagb-advanced-heading uagb-block-4b8726d7\"><h2 class=\"uagb-heading-text\">\u00bfQUE OFRECEMOS?<\/h2><\/div>\n<\/div><\/div>\n\n\n\n<div class=\"wp-block-uagb-advanced-heading uagb-block-82ac1b47\"><h2 class=\"uagb-heading-text\">\u00bb Un sitio completamente tuyo, personalizable, con todas las caracter\u00edsticas de tu emprendimiento.<br>\u00bb Donde podr\u00e1s cobrar con los medios de pago m\u00e1s utilizados, Mercado Pago, MODO, y m\u00e1s.<br>\u00bb Garantizamos un sistema de env\u00edos confiable, donde trabajar\u00e1s directamente con empresas como Andreani, OCA y Correo Argentino.<br>\u00bb Con una tarifa mensual competente. Somos conscientes de la situaci\u00f3n actual de todos los Argentinos.<\/h2><\/div>\n<\/div><\/div>\n<\/div>\n\n\n\n<div data-aos= \"fade-up\" data-aos-duration=\"400\" data-aos-delay=\"0\" data-aos-easing=\"ease\" data-aos-once=\"true\" class=\"wp-block-uagb-container uagb-block-7595f229\"><\/div>\n<\/div><\/div>\n\n\n\n<div class=\"wp-block-uagb-container uagb-block-4788e643 alignfull uagb-is-root-container\"><div class=\"uagb-container-inner-blocks-wrap\">\n<div data-aos= \"fade-up\" data-aos-duration=\"400\" data-aos-delay=\"0\" data-aos-easing=\"ease\" data-aos-once=\"true\" class=\"wp-block-uagb-container uagb-block-6947f68f\"><\/div>\n\n\n\n<div data-aos= \"fade-up\" data-aos-duration=\"400\" data-aos-delay=\"0\" data-aos-easing=\"ease\" data-aos-once=\"true\" class=\"wp-block-uagb-container uagb-block-93ea36ad\">\n<div class=\"wp-block-uagb-container uagb-block-63c9d411 alignfull uagb-is-root-container\"><div class=\"uagb-container-inner-blocks-wrap\">\n<div class=\"wp-block-uagb-advanced-heading uagb-block-b255a12c\"><h2 class=\"uagb-heading-text\">\u00bfCOMO TRABAJAMOS?<\/h2><\/div>\n<\/div><\/div>\n\n\n\n<div class=\"wp-block-uagb-container uagb-block-1cca6b4e alignfull uagb-is-root-container\"><div class=\"uagb-container-inner-blocks-wrap\">\n<div class=\"wp-block-uagb-advanced-heading uagb-block-7c09f582\"><h2 class=\"uagb-heading-text\">\u00bb Nos ponemos en contacto con vos.<br>\u00bb Especificamos detalles est\u00e9ticos y funcionales del sitio.<br>\u00bb Te ense\u00f1amos a utilizar la web, subir y actualizar tus productos.<br>\u00bb Como \u00faltimo paso, una vez que est\u00e9 funcionando la tienda, procedemos a facturar el primer mes del sitio.<\/h2><\/div>\n<\/div><\/div>\n<\/div>\n<\/div><\/div>\n\n\n\n<div class=\"wp-block-uagb-container uagb-block-01d2e7bd alignfull uagb-is-root-container\"><div class=\"uagb-container-inner-blocks-wrap\">\n<div data-aos= \"fade-up\" data-aos-duration=\"400\" data-aos-delay=\"0\" data-aos-easing=\"ease\" data-aos-once=\"true\" class=\"wp-block-uagb-container uagb-block-e8d3f8b8\">\n<div class=\"wp-block-uagb-container uagb-block-61f6f519 alignfull uagb-is-root-container\"><div class=\"uagb-container-inner-blocks-wrap\">\n<div class=\"wp-block-uagb-container uagb-block-b3fd801f alignfull uagb-is-root-container\"><div class=\"uagb-container-inner-blocks-wrap\">\n<div class=\"wp-block-uagb-advanced-heading uagb-block-b4d721db\"><h2 class=\"uagb-heading-text\">ASPECTOS GENERALES:<\/h2><\/div>\n<\/div><\/div>\n<\/div><\/div>\n\n\n\n<figure class=\"wp-block-table is-style-stripes has-medium-font-size\" style=\"font-style:normal;font-weight:400\"><table class=\"has-background\" style=\"background-color:#e4e4e4;border-width:1px\"><tbody><tr><td class=\"has-text-align-center\" data-align=\"center\">Comisi\u00f3n por venta<\/td><td class=\"has-text-align-center\" data-align=\"center\">$0 (Oferta por tiempo limitado)<\/td><\/tr><tr><td class=\"has-text-align-center\" data-align=\"center\">Tiempo de armado de la tienda<\/td><td class=\"has-text-align-center\" data-align=\"center\">De 1 a 2 meses<\/td><\/tr><tr><td class=\"has-text-align-center\" data-align=\"center\">Precio de armado de la tienda<\/td><td class=\"has-text-align-center\" data-align=\"center\">$0<\/td><\/tr><tr><td class=\"has-text-align-center\" data-align=\"center\">Atenci\u00f3n personalizada<\/td><td class=\"has-text-align-center\" data-align=\"center\">Email + Whatsapp + Videollamada<\/td><\/tr><tr><td class=\"has-text-align-center\" data-align=\"center\">Creaci\u00f3n de perfiles con diferentes permisos sobre el sitio<\/td><td class=\"has-text-align-center\" data-align=\"center\">\u2714<\/td><\/tr><tr><td class=\"has-text-align-center\" data-align=\"center\">Medios de pago<\/td><td class=\"has-text-align-center\" data-align=\"center\">4 Opciones<\/td><\/tr><tr><td class=\"has-text-align-center\" data-align=\"center\">Medios de env\u00edo<\/td><td class=\"has-text-align-center\" data-align=\"center\">3 Opciones<\/td><\/tr><tr><td class=\"has-text-align-center\" data-align=\"center\">Capacidad de productos<\/td><td class=\"has-text-align-center\" data-align=\"center\">20.000<\/td><\/tr><tr><td class=\"has-text-align-center\" data-align=\"center\">Tarifa mensual del alquiler<\/td><td class=\"has-text-align-center\" data-align=\"center\">A cotizar<\/td><\/tr><tr><td class=\"has-text-align-center\" data-align=\"center\">Tiempo de respuesta estimada del soporte<\/td><td class=\"has-text-align-center\" data-align=\"center\">de 1 a 4hs<\/td><\/tr><tr><td class=\"has-text-align-center\" data-align=\"center\">Configuraci\u00f3n de dominio propio<\/td><td class=\"has-text-align-center\" data-align=\"center\">\u2714<\/td><\/tr><\/tbody><\/table><\/figure>\n<\/div>\n<\/div><\/div>\n\n\n\n<div class=\"wp-block-uagb-container uagb-block-9a20484f alignfull uagb-is-root-container\"><div class=\"uagb-container-inner-blocks-wrap\">\n<div data-aos= \"fade-up\" data-aos-duration=\"400\" data-aos-delay=\"0\" data-aos-easing=\"ease\" data-aos-once=\"true\" class=\"wp-block-uagb-container uagb-block-5a68125e\">\n<div class=\"wp-block-uagb-container uagb-block-0f63a39c alignfull uagb-is-root-container\"><div class=\"uagb-container-inner-blocks-wrap\">\n<div class=\"wp-block-uagb-container uagb-block-bdd89d02 alignfull uagb-is-root-container\"><div class=\"uagb-container-inner-blocks-wrap\">\n<div class=\"wp-block-uagb-advanced-heading uagb-block-280edc4c\"><h2 class=\"uagb-heading-text\">\u00bfTe gustar\u00eda conocer m\u00e1s?<br>\u00a1Comunicate con nosotros y enterate! <\/h2><\/div>\n<\/div><\/div>\n<\/div><\/div>\n\n\n\n<div class=\"wp-block-uagb-modal uagb-block-f76792f1 uagb-modal-wrapper\" data-escpress=\"enable\" data-overlayclick=\"enable\"><div class=\"uagb-spectra-button-wrapper wp-block-button\"><a class=\"uagb-modal-button-link wp-block-button__link uagb-modal-trigger\" href=\"#\" onclick=\"return false;\" target=\"_self\" rel=\"noopener noreferrer\"><span class=\"uagb-modal-content-wrapper\"><span class=\"uagb-inline-editing\">SOLICITAR COTIZACI\u00d3N<\/span><svg xmlns=\"https:\/\/www.w3.org\/2000\/svg\" viewBox=\"0 0 448 512\"><path d=\"M285.6 444.1C279.8 458.3 264.8 466.3 249.8 463.4C234.8 460.4 223.1 447.3 223.1 432V256H47.1C32.71 256 19.55 245.2 16.6 230.2C13.65 215.2 21.73 200.2 35.88 194.4L387.9 50.38C399.8 45.5 413.5 48.26 422.6 57.37C431.7 66.49 434.5 80.19 429.6 92.12L285.6 444.1z\"><\/path><\/svg><\/span><\/a><\/div><div class=\"uagb-effect-default uagb-modal-popup uagb-block-f76792f1\"><div class=\"uagb-modal-popup-wrap\"><div class=\"uagb-modal-popup-content\">\n<p><\/p>\n\n\n<style id=\"wpforms-css-vars-root\">\n\t\t\t\t:root {\n\t\t\t\t\t--wpforms-field-border-radius: 3px;\n--wpforms-field-background-color: #ffffff;\n--wpforms-field-border-color: rgba( 0, 0, 0, 0.25 );\n--wpforms-field-text-color: rgba( 0, 0, 0, 0.7 );\n--wpforms-label-color: rgba( 0, 0, 0, 0.85 );\n--wpforms-label-sublabel-color: rgba( 0, 0, 0, 0.55 );\n--wpforms-label-error-color: #d63637;\n--wpforms-button-border-radius: 3px;\n--wpforms-button-background-color: #066aab;\n--wpforms-button-text-color: #ffffff;\n--wpforms-field-size-input-height: 43px;\n--wpforms-field-size-input-spacing: 15px;\n--wpforms-field-size-font-size: 16px;\n--wpforms-field-size-line-height: 19px;\n--wpforms-field-size-padding-h: 14px;\n--wpforms-field-size-checkbox-size: 16px;\n--wpforms-field-size-sublabel-spacing: 5px;\n--wpforms-field-size-icon-size: 1;\n--wpforms-label-size-font-size: 16px;\n--wpforms-label-size-line-height: 19px;\n--wpforms-label-size-sublabel-font-size: 14px;\n--wpforms-label-size-sublabel-line-height: 17px;\n--wpforms-button-size-font-size: 17px;\n--wpforms-button-size-height: 41px;\n--wpforms-button-size-padding-h: 15px;\n--wpforms-button-size-margin-top: 10px;\n\n\t\t\t\t}\n\t\t\t<\/style><style id=\"wpforms-css-vars-388-block-8cd38c0d-0280-4490-bf1e-e02aad86124f\">\n\t\t\t\t#wpforms-388.wpforms-block-8cd38c0d-0280-4490-bf1e-e02aad86124f {\n\t\t\t\t\t--wpforms-field-background-color: var(--ast-global-color-5);\n\n\t\t\t\t}\n\t\t\t<\/style><div class=\"wpforms-container wpforms-container-full wpforms-block wpforms-block-8cd38c0d-0280-4490-bf1e-e02aad86124f wpforms-render-modern\" id=\"wpforms-388\"><form id=\"wpforms-form-388\" class=\"wpforms-validate wpforms-form wpforms-ajax-form\" data-formid=\"388\" method=\"post\" enctype=\"multipart\/form-data\" action=\"\/index.php\/wp-json\/wp\/v2\/pages\/267\" data-token=\"75339e75406e074480178e4fb34c227c\"><div class=\"wpforms-head-container\"><div class=\"wpforms-title\">Formulario Solicitud del servicio &quot;Tu tienda online&quot;<\/div><\/div><noscript class=\"wpforms-error-noscript\">Por favor, activa JavaScript en tu navegador para completar este formulario.<\/noscript><div class=\"wpforms-hidden\" id=\"wpforms-error-noscript\">Por favor, activa JavaScript en tu navegador para completar este formulario.<\/div><div class=\"wpforms-field-container\"><div id=\"wpforms-388-field_1-container\" class=\"wpforms-field wpforms-field-name\" data-field-id=\"1\"><label class=\"wpforms-field-label\" for=\"wpforms-388-field_1\">Nombre y Apellido <span class=\"wpforms-required-label\" aria-hidden=\"true\">*<\/span><\/label><input type=\"text\" id=\"wpforms-388-field_1\" class=\"wpforms-field-medium wpforms-field-required\" name=\"wpforms[fields][1]\" placeholder=\"Juan P\u00e9rez\" aria-errormessage=\"wpforms-388-field_1-error\" required><\/div><div id=\"wpforms-388-field_2-container\" class=\"wpforms-field wpforms-field-email\" data-field-id=\"2\"><label class=\"wpforms-field-label\" for=\"wpforms-388-field_2\">Correo electr\u00f3nico <span class=\"wpforms-required-label\" aria-hidden=\"true\">*<\/span><\/label><input type=\"email\" id=\"wpforms-388-field_2\" class=\"wpforms-field-medium wpforms-field-required\" name=\"wpforms[fields][2]\" placeholder=\"Juan@hotmail.com\" spellcheck=\"false\" aria-errormessage=\"wpforms-388-field_2-error\" required><\/div><div id=\"wpforms-388-field_3-container\" class=\"wpforms-field wpforms-field-number\" data-field-id=\"3\"><label class=\"wpforms-field-label\" for=\"wpforms-388-field_3\">Whatsapp <span class=\"wpforms-required-label\" aria-hidden=\"true\">*<\/span><\/label><input type=\"number\" pattern=\"\\d*\" id=\"wpforms-388-field_3\" class=\"wpforms-field-medium wpforms-field-required\" name=\"wpforms[fields][3]\" placeholder=\"221 450-7189\" aria-errormessage=\"wpforms-388-field_3-error\" required><\/div><div id=\"wpforms-388-field_4-container\" class=\"wpforms-field wpforms-field-name\" data-field-id=\"4\"><label class=\"wpforms-field-label\" for=\"wpforms-388-field_4\">Nombre de empresa \/ emprendimiento <span class=\"wpforms-required-label\" aria-hidden=\"true\">*<\/span><\/label><input type=\"text\" id=\"wpforms-388-field_4\" class=\"wpforms-field-medium wpforms-field-required\" name=\"wpforms[fields][4]\" placeholder=\"Taller de cer\u00e1mica &quot;Las Mar\u00edas&quot;\" aria-errormessage=\"wpforms-388-field_4-error\" required><\/div><div id=\"wpforms-388-field_8-container\" class=\"wpforms-field wpforms-field-select wpforms-field-select-style-modern\" data-field-id=\"8\"><label class=\"wpforms-field-label\" for=\"wpforms-388-field_8\">Provincia <span class=\"wpforms-required-label\" aria-hidden=\"true\">*<\/span><\/label><select id=\"wpforms-388-field_8\" class=\"wpforms-field-medium wpforms-field-required choicesjs-select\" data-size-class=\"wpforms-field-row wpforms-field-medium\" data-search-enabled=\"1\" name=\"wpforms[fields][8]\" required=\"required\"><option value=\"\" class=\"placeholder\" disabled  selected='selected'>Seleccione una Provincia<\/option><option value=\"Buenos Aires\" >Buenos Aires<\/option><option value=\"Catamarca\" >Catamarca<\/option><option value=\"Chaco\" >Chaco<\/option><option value=\"Chubut\" >Chubut<\/option><option value=\"C\u00f3rdoba\" >C\u00f3rdoba<\/option><option value=\"Corrientes\" >Corrientes<\/option><option value=\"Entre R\u00edos\" >Entre R\u00edos<\/option><option value=\"Formosa\" >Formosa<\/option><option value=\"Jujuy\" >Jujuy<\/option><option value=\"La Pampa\" >La Pampa<\/option><option value=\"La Rioja\" >La Rioja<\/option><option value=\"Mendoza\" >Mendoza<\/option><option value=\"Misiones\" >Misiones<\/option><option value=\"Neuquen\" >Neuquen<\/option><option value=\"R\u00edo Negro\" >R\u00edo Negro<\/option><option value=\"Salta\" >Salta<\/option><option value=\"San Juan\" >San Juan<\/option><option value=\"San Lu\u00eds\" >San Lu\u00eds<\/option><option value=\"Santa Cruz\" >Santa Cruz<\/option><option value=\"Santa Fe\" >Santa Fe<\/option><option value=\"Santiago del Estero\" >Santiago del Estero<\/option><option value=\"Tierra del Fuego\" >Tierra del Fuego<\/option><option value=\"Tucum\u00e1n\" >Tucum\u00e1n<\/option><\/select><\/div><div id=\"wpforms-388-field_5-container\" class=\"wpforms-field wpforms-field-radio wpforms-list-2-columns\" data-field-id=\"5\"><fieldset><legend class=\"wpforms-field-label\">Usted se dedica a comercializar&#8230; <span class=\"wpforms-required-label\" aria-hidden=\"true\">*<\/span><\/legend><ul id=\"wpforms-388-field_5\" class=\"wpforms-field-required\"><li class=\"choice-1 depth-1\"><input type=\"radio\" id=\"wpforms-388-field_5_1\" name=\"wpforms[fields][5]\" value=\"Productos.\" aria-errormessage=\"wpforms-388-field_5_1-error\" aria-describedby=\"wpforms-388-field_5-description\" required ><label class=\"wpforms-field-label-inline\" for=\"wpforms-388-field_5_1\">Productos.<\/label><\/li><li class=\"choice-2 depth-1\"><input type=\"radio\" id=\"wpforms-388-field_5_2\" name=\"wpforms[fields][5]\" value=\"Servicios.\" aria-errormessage=\"wpforms-388-field_5_2-error\" aria-describedby=\"wpforms-388-field_5-description\" required ><label class=\"wpforms-field-label-inline\" for=\"wpforms-388-field_5_2\">Servicios.<\/label><\/li><\/ul><div id=\"wpforms-388-field_5-description\" class=\"wpforms-field-description\">Si lo que comercia son art\u00edculos tangibles (Ej: Venta de indumentaria, art\u00edculos artesanales, etc), \u00f3 servicios (Ej: Cursos de guitarra).<\/div><\/fieldset><\/div><div id=\"wpforms-388-field_6-container\" class=\"wpforms-field wpforms-field-select wpforms-field-select-style-modern\" data-field-id=\"6\"><label class=\"wpforms-field-label\" for=\"wpforms-388-field_6\">Rubro <span class=\"wpforms-required-label\" aria-hidden=\"true\">*<\/span><\/label><select id=\"wpforms-388-field_6\" class=\"wpforms-field-large wpforms-field-required choicesjs-select\" data-size-class=\"wpforms-field-row wpforms-field-large\" data-search-enabled=\"1\" name=\"wpforms[fields][6]\" required=\"required\"><option value=\"\" class=\"placeholder\" disabled  selected='selected'>Selecciona una opci\u00f3n<\/option><option value=\"Alimentaci\u00f3n y Gastronom\u00eda.\" >Alimentaci\u00f3n y Gastronom\u00eda.<\/option><option value=\"Inform\u00e1tica, Telecomunicaciones y servicios digitales.\" >Inform\u00e1tica, Telecomunicaciones y servicios digitales.<\/option><option value=\"Librer\u00eda.\" >Librer\u00eda.<\/option><option value=\"Arte y Literatura.\" >Arte y Literatura.<\/option><option value=\"Educaci\u00f3n.\" >Educaci\u00f3n.<\/option><option value=\"Carpinter\u00eda.\" >Carpinter\u00eda.<\/option><option value=\"Ferreter\u00eda.\" >Ferreter\u00eda.<\/option><option value=\"Salud.\" >Salud.<\/option><option value=\"Indumentaria.\" >Indumentaria.<\/option><option value=\"Bazar.\" >Bazar.<\/option><option value=\"Otro.\" >Otro.<\/option><\/select><\/div><div id=\"wpforms-388-field_7-container\" class=\"wpforms-field wpforms-field-textarea\" data-field-id=\"7\"><label class=\"wpforms-field-label\" for=\"wpforms-388-field_7\">Mensaje (Opcional)<\/label><textarea id=\"wpforms-388-field_7\" class=\"wpforms-field-small\" name=\"wpforms[fields][7]\" aria-errormessage=\"wpforms-388-field_7-error\" aria-describedby=\"wpforms-388-field_7-description\" ><\/textarea><div id=\"wpforms-388-field_7-description\" class=\"wpforms-field-description\">Si quiere, puede dejarnos un mensaje opcional para conocerlo\/a a\u00fan m\u00e1s. De cualquier modo, nos podremos en contacto a la brevedad.<\/div><\/div><\/div><!-- .wpforms-field-container --><div class=\"wpforms-submit-container\" ><input type=\"hidden\" name=\"wpforms[id]\" value=\"388\"><input type=\"hidden\" name=\"wpforms[author]\" value=\"1\"><button type=\"submit\" name=\"wpforms[submit]\" id=\"wpforms-submit-388\" class=\"wpforms-submit\" data-alt-text=\"Enviando...\" data-submit-text=\"Solicitar cotizaci\u00f3n\" aria-live=\"assertive\" value=\"wpforms-submit\">Solicitar cotizaci\u00f3n<\/button><img loading=\"lazy\" decoding=\"async\" src=\"https:\/\/serviciospipea.click\/wp-content\/plugins\/wpforms-lite\/assets\/images\/submit-spin.svg\" class=\"wpforms-submit-spinner\" style=\"display: none;\" width=\"26\" height=\"26\" alt=\"Cargando\"><\/div><\/form><\/div>  <!-- .wpforms-container --><\/div><div class=\"uagb-modal-popup-close\"><svg xmlns=\"https:\/\/www.w3.org\/2000\/svg\" viewBox=\"0 0 320 512\"><path d=\"M310.6 361.4c12.5 12.5 12.5 32.75 0 45.25C304.4 412.9 296.2 416 288 416s-16.38-3.125-22.62-9.375L160 301.3L54.63 406.6C48.38 412.9 40.19 416 32 416S15.63 412.9 9.375 406.6c-12.5-12.5-12.5-32.75 0-45.25l105.4-105.4L9.375 150.6c-12.5-12.5-12.5-32.75 0-45.25s32.75-12.5 45.25 0L160 210.8l105.4-105.4c12.5-12.5 32.75-12.5 45.25 0s12.5 32.75 0 45.25l-105.4 105.4L310.6 361.4z\"><\/path><\/svg><\/div><\/div><\/div><\/div>\n<\/div>\n\n\n\n<div data-aos= \"fade-up\" data-aos-duration=\"400\" data-aos-delay=\"0\" data-aos-easing=\"ease\" data-aos-once=\"true\" class=\"wp-block-uagb-container uag-hide-mob uagb-block-b8690828\"><\/div>\n<\/div><\/div>\n","protected":false},"excerpt":{"rendered":"<p>TU PROPIA TIENDA ONLINE EN NUESTRA EXPERIENCIA, SABEMOS QUE CUANDO QUEREMOS EXPANDIR UN RUBRO, LAS LIMITACIONES A PRESENTAR SON VARIAS [&hellip;]<\/p>\n","protected":false},"author":1,"featured_media":0,"parent":0,"menu_order":0,"comment_status":"closed","ping_status":"closed","template":"","meta":{"_uag_custom_page_level_css":"","site-sidebar-layout":"default","site-content-layout":"","ast-site-content-layout":"default","site-content-style":"default","site-sidebar-style":"default","ast-global-header-display":"","ast-banner-title-visibility":"","ast-main-header-display":"","ast-hfb-above-header-display":"","ast-hfb-below-header-display":"","ast-hfb-mobile-header-display":"","site-post-title":"disabled","ast-breadcrumbs-content":"","ast-featured-img":"","footer-sml-layout":"","theme-transparent-header-meta":"","adv-header-id-meta":"","stick-header-meta":"","header-above-stick-meta":"","header-main-stick-meta":"","header-below-stick-meta":"","astra-migrate-meta-layouts":"default","ast-page-background-enabled":"default","ast-page-background-meta":{"desktop":{"background-color":"var(--ast-global-color-4)","background-image":"","background-repeat":"repeat","background-position":"center center","background-size":"auto","background-attachment":"scroll","background-type":"","background-media":"","overlay-type":"","overlay-color":"","overlay-gradient":""},"tablet":{"background-color":"","background-image":"","background-repeat":"repeat","background-position":"center center","background-size":"auto","background-attachment":"scroll","background-type":"","background-media":"","overlay-type":"","overlay-color":"","overlay-gradient":""},"mobile":{"background-color":"","background-image":"","background-repeat":"repeat","background-position":"center center","background-size":"auto","background-attachment":"scroll","background-type":"","background-media":"","overlay-type":"","overlay-color":"","overlay-gradient":""}},"ast-content-background-meta":{"desktop":{"background-color":"var(--ast-global-color-5)","background-image":"","background-repeat":"repeat","background-position":"center center","background-size":"auto","background-attachment":"scroll","background-type":"","background-media":"","overlay-type":"","overlay-color":"","overlay-gradient":""},"tablet":{"background-color":"var(--ast-global-color-5)","background-image":"","background-repeat":"repeat","background-position":"center center","background-size":"auto","background-attachment":"scroll","background-type":"","background-media":"","overlay-type":"","overlay-color":"","overlay-gradient":""},"mobile":{"background-color":"var(--ast-global-color-5)","background-image":"","background-repeat":"repeat","background-position":"center center","background-size":"auto","background-attachment":"scroll","background-type":"","background-media":"","overlay-type":"","overlay-color":"","overlay-gradient":""}},"footnotes":""},"class_list":["post-267","page","type-page","status-publish","hentry"],"uagb_featured_image_src":{"full":false,"thumbnail":false,"medium":false,"medium_large":false,"large":false,"1536x1536":false,"2048x2048":false,"woocommerce_thumbnail":false,"woocommerce_single":false,"woocommerce_gallery_thumbnail":false},"uagb_author_info":{"display_name":"marghost","author_link":"https:\/\/serviciospipea.click\/index.php\/author\/marghost\/"},"uagb_comment_info":0,"uagb_excerpt":"TU PROPIA TIENDA ONLINE EN NUESTRA EXPERIENCIA, SABEMOS QUE CUANDO QUEREMOS EXPANDIR UN RUBRO, LAS LIMITACIONES A PRESENTAR SON VARIAS [&hellip;]","_links":{"self":[{"href":"https:\/\/serviciospipea.click\/index.php\/wp-json\/wp\/v2\/pages\/267"}],"collection":[{"href":"https:\/\/serviciospipea.click\/index.php\/wp-json\/wp\/v2\/pages"}],"about":[{"href":"https:\/\/serviciospipea.click\/index.php\/wp-json\/wp\/v2\/types\/page"}],"author":[{"embeddable":true,"href":"https:\/\/serviciospipea.click\/index.php\/wp-json\/wp\/v2\/users\/1"}],"replies":[{"embeddable":true,"href":"https:\/\/serviciospipea.click\/index.php\/wp-json\/wp\/v2\/comments?post=267"}],"version-history":[{"count":183,"href":"https:\/\/serviciospipea.click\/index.php\/wp-json\/wp\/v2\/pages\/267\/revisions"}],"predecessor-version":[{"id":657,"href":"https:\/\/serviciospipea.click\/index.php\/wp-json\/wp\/v2\/pages\/267\/revisions\/657"}],"wp:attachment":[{"href":"https:\/\/serviciospipea.click\/index.php\/wp-json\/wp\/v2\/media?parent=267"}],"curies":[{"name":"wp","href":"https:\/\/api.w.org\/{rel}","templated":true}]}}